{"id":6,"date":"2022-01-11T11:06:55","date_gmt":"2022-01-11T11:06:55","guid":{"rendered":"https:\/\/beautyhairbyn.ch\/?page_id=6"},"modified":"2022-03-21T09:27:50","modified_gmt":"2022-03-21T09:27:50","slug":"accueil","status":"publish","type":"page","link":"https:\/\/demo.lemansec.ch\/Beautyhairbyn\/","title":{"rendered":"Home"},"content":{"rendered":"\n<div class=\"wp-block-cover\"><span aria-hidden=\"true\" class=\"has-background-dim-0 wp-block-cover__gradient-background has-background-dim\"><\/span><img loading=\"lazy\" decoding=\"async\" width=\"2048\" height=\"1118\" class=\"wp-block-cover__image-background wp-image-111\" alt=\"\" src=\"https:\/\/demo.lemansec.ch\/Beautyhairbyn\/wp-content\/uploads\/2022\/03\/WhatsApp-Image-2022-02-21-at-08.49.27.jpeg\" style=\"object-position:49% 45%\" data-object-fit=\"cover\" data-object-position=\"49% 45%\" srcset=\"https:\/\/demo.lemansec.ch\/Beautyhairbyn\/wp-content\/uploads\/2022\/03\/WhatsApp-Image-2022-02-21-at-08.49.27.jpeg 2048w, https:\/\/demo.lemansec.ch\/Beautyhairbyn\/wp-content\/uploads\/2022\/03\/WhatsApp-Image-2022-02-21-at-08.49.27-300x164.jpeg 300w, https:\/\/demo.lemansec.ch\/Beautyhairbyn\/wp-content\/uploads\/2022\/03\/WhatsApp-Image-2022-02-21-at-08.49.27-1024x559.jpeg 1024w, https:\/\/demo.lemansec.ch\/Beautyhairbyn\/wp-content\/uploads\/2022\/03\/WhatsApp-Image-2022-02-21-at-08.49.27-768x419.jpeg 768w, https:\/\/demo.lemansec.ch\/Beautyhairbyn\/wp-content\/uploads\/2022\/03\/WhatsApp-Image-2022-02-21-at-08.49.27-1536x839.jpeg 1536w, https:\/\/demo.lemansec.ch\/Beautyhairbyn\/wp-content\/uploads\/2022\/03\/WhatsApp-Image-2022-02-21-at-08.49.27-110x60.jpeg 110w\" sizes=\"auto, (max-width: 2048px) 100vw, 2048px\" \/><div class=\"wp-block-cover__inner-container is-layout-flow wp-block-cover-is-layout-flow\">\n<div class=\"wp-block-buttons is-layout-flex wp-block-buttons-is-layout-flex\"><\/div>\n\n\n\n<p class=\"wp-block-paragraph\"><\/p>\n\n\n\n<p class=\"has-large-font-size wp-block-paragraph\">Bienvenue<\/p>\n\n\n\n<div class=\"wp-block-buttons is-layout-flex wp-block-buttons-is-layout-flex\">\n<div class=\"wp-block-button is-style-outline is-style-outline--1\"><a class=\"wp-block-button__link has-white-color has-black-background-color has-text-color has-background\" href=\"https:\/\/booking.wavy.pro\/beautyhairbyn\" style=\"border-radius:10px\">Rendez-vous<\/a><\/div>\n<\/div>\n<\/div><\/div>\n\n\n\n<p class=\"wp-block-paragraph\"><\/p>\n\n\n\n<blockquote class=\"wp-block-quote is-style-default has-medium-font-size is-layout-flow wp-block-quote-is-layout-flow\" style=\"font-style:normal;font-weight:100\"><p>Bienvenue \u00e0 tous dans mon nouveau salon de coiffure situ\u00e9 au quartier des C\u00e8dres \u00e0 1022 Chavannes-pr\u00e8s-Renens.<\/p><p>C&rsquo;est avec plaisir que je vous accueil dans un lieu neuf, confortable et chaleureux pour vous conseiller et vous apporter un service de qualit\u00e9.<\/p><p>No\u00e9mie N.<\/p><\/blockquote>\n\n\n\n<div class=\"wp-block-buttons is-content-justification-center is-layout-flex wp-container-core-buttons-is-layout-fe48e5de wp-block-buttons-is-layout-flex\"><\/div>\n\n\n\n<div style=\"height:25px\" aria-hidden=\"true\" class=\"wp-block-spacer\"><\/div>\n\n\n\n<p class=\"has-large-font-size wp-block-paragraph\" style=\"font-style:normal;font-weight:400\"><strong>Mes derni\u00e8res cr\u00e9ations sur instagram<\/strong><\/p>\n\n\n      <style>\r\n        #insta-gallery-feed-1909471437 .insta-gallery-list {margin: 0 -5px;}#insta-gallery-feed-1909471437 .insta-gallery-list .insta-gallery-item {padding: 5px;}#insta-gallery-feed-1909471437 .insta-gallery-list .insta-gallery-item .insta-gallery-image-wrap .insta-gallery-image-mask {background-color: #000000;}      <\/style>\r\n<div id=\"insta-gallery-feed-1909471437\" class=\"insta-gallery-feed insta-gallery-square\" data-feed=\"{&quot;id&quot;:1,&quot;order&quot;:1,&quot;username&quot;:&quot;&quot;,&quot;type&quot;:&quot;username&quot;,&quot;tag&quot;:&quot;wordpress&quot;,&quot;order_by&quot;:&quot;top_media&quot;,&quot;layout&quot;:&quot;gallery&quot;,&quot;limit&quot;:12,&quot;columns&quot;:3,&quot;resolution&quot;:&quot;standard&quot;,&quot;lazy&quot;:false,&quot;spacing&quot;:5,&quot;highlight&quot;:[&quot;1&quot;,&quot;3&quot;,&quot;5&quot;],&quot;profile&quot;:{&quot;id&quot;:&quot;&quot;,&quot;username&quot;:&quot;&quot;,&quot;website&quot;:&quot;&quot;,&quot;biography&quot;:&quot;&quot;,&quot;name&quot;:&quot;&quot;,&quot;followers_count&quot;:0,&quot;media_count&quot;:0,&quot;profile_picture_url&quot;:&quot;http:\\\/\\\/2.gravatar.com\\\/avatar\\\/b642b4217b34b1e8d3bd915fc65c4452?s=320&amp;d=mm&amp;r=g&quot;,&quot;link&quot;:&quot;&quot;},&quot;box&quot;:{&quot;display&quot;:false,&quot;padding&quot;:1,&quot;radius&quot;:0,&quot;background&quot;:&quot;#fefefe&quot;,&quot;profile&quot;:false,&quot;desc&quot;:&quot;&quot;,&quot;color_text&quot;:&quot;#000000&quot;},&quot;mask&quot;:{&quot;display&quot;:true,&quot;background&quot;:&quot;#000000&quot;,&quot;likes&quot;:true,&quot;comments&quot;:true},&quot;card&quot;:{&quot;display&quot;:false,&quot;radius&quot;:1,&quot;font_size&quot;:12,&quot;background&quot;:&quot;#ffffff&quot;,&quot;text_color&quot;:&quot;#000000&quot;,&quot;padding&quot;:5,&quot;info&quot;:true,&quot;length&quot;:10,&quot;caption&quot;:true},&quot;carousel&quot;:{&quot;slidespv&quot;:5,&quot;autoplay&quot;:false,&quot;autoplay_interval&quot;:3000,&quot;navarrows&quot;:true,&quot;navarrows_color&quot;:&quot;&quot;,&quot;pagination&quot;:true,&quot;pagination_color&quot;:&quot;&quot;},&quot;popup&quot;:{&quot;display&quot;:true,&quot;profile&quot;:false,&quot;caption&quot;:false,&quot;likes&quot;:false,&quot;comments&quot;:false,&quot;align&quot;:&quot;bottom&quot;},&quot;button&quot;:{&quot;display&quot;:true,&quot;text&quot;:&quot;View on Instagram&quot;,&quot;background&quot;:&quot;&quot;,&quot;background_hover&quot;:&quot;&quot;},&quot;button_load&quot;:{&quot;display&quot;:false,&quot;text&quot;:&quot;Load more...&quot;,&quot;background&quot;:&quot;&quot;,&quot;background_hover&quot;:&quot;&quot;},&quot;insta_layout&quot;:&quot;gallery&quot;,&quot;insta_box&quot;:false,&quot;insta_box-padding&quot;:1,&quot;insta_box-radius&quot;:0,&quot;insta_box-background&quot;:&quot;#fefefe&quot;,&quot;insta_box-profile&quot;:false,&quot;insta_box-desc&quot;:&quot;&quot;,&quot;insta_box-color-text&quot;:&quot;#000000&quot;,&quot;insta_button_load&quot;:false,&quot;insta_button_load-background-hover&quot;:&quot;&quot;,&quot;insta_button_load-background&quot;:&quot;&quot;,&quot;insta_button_load-text&quot;:&quot;Load more...&quot;,&quot;insta_button&quot;:true,&quot;insta_button-background-hover&quot;:&quot;&quot;,&quot;insta_button-background&quot;:&quot;&quot;,&quot;insta_button-text&quot;:&quot;View on Instagram&quot;,&quot;insta_card&quot;:false,&quot;insta_card-font-size&quot;:12,&quot;insta_card-color-text&quot;:&quot;#000000&quot;,&quot;insta_card-padding&quot;:5,&quot;insta_card-radius&quot;:1,&quot;insta_card-background&quot;:&quot;#ffffff&quot;}\" data-feed_layout=\"gallery\">\r\n    <div class=\"insta-gallery-list\">\r\n  <\/div>\r\n  <div class=\"insta-gallery-spinner\"><\/div>    <div class=\"insta-gallery-actions\">\r\n    <a href=\"https:\/\/www.instagram.com\/\" target=\"blank\" class=\"insta-gallery-button follow\"><i class=\"qligg-icon-instagram-o\"><\/i>View on Instagram<\/a>\r\n  <\/div>\r\n <\/div>\n\n\n<p class=\"wp-block-paragraph\">\n<script> \r\n(function(w, a, v, y) { \r\n  w = a.createElement(y);w.async = 1;w.defer = 1;w.src = v; \r\n  y = a.getElementsByTagName(y)[0];y.parentNode.insertBefore(w, y); \r\n})(window, document, 'https:\/\/booking.wavy.pro\/beautyhairbyn\/widget.js', 'script'); \r\n<\/script>\n<\/p>\n","protected":false},"excerpt":{"rendered":"<p>Bienvenue \u00e0 tous dans mon nouveau salon de coiffure situ\u00e9 au quartier des C\u00e8dres \u00e0 1022 Chavannes-pr\u00e8s-Renens. C&rsquo;est avec plaisir que je vous accueil dans un lieu neuf, confortable et chaleureux pour vous conseiller et vous apporter un service de qualit\u00e9. No\u00e9mie N. Mes derni\u00e8res cr\u00e9ations sur instagram<\/p>\n","protected":false},"author":2,"featured_media":0,"parent":0,"menu_order":0,"comment_status":"closed","ping_status":"closed","template":"","meta":{"footnotes":""},"class_list":["post-6","page","type-page","status-publish","hentry"],"_links":{"self":[{"href":"https:\/\/demo.lemansec.ch\/Beautyhairbyn\/wp-json\/wp\/v2\/pages\/6","targetHints":{"allow":["GET"]}}],"collection":[{"href":"https:\/\/demo.lemansec.ch\/Beautyhairbyn\/wp-json\/wp\/v2\/pages"}],"about":[{"href":"https:\/\/demo.lemansec.ch\/Beautyhairbyn\/wp-json\/wp\/v2\/types\/page"}],"author":[{"embeddable":true,"href":"https:\/\/demo.lemansec.ch\/Beautyhairbyn\/wp-json\/wp\/v2\/users\/2"}],"replies":[{"embeddable":true,"href":"https:\/\/demo.lemansec.ch\/Beautyhairbyn\/wp-json\/wp\/v2\/comments?post=6"}],"version-history":[{"count":22,"href":"https:\/\/demo.lemansec.ch\/Beautyhairbyn\/wp-json\/wp\/v2\/pages\/6\/revisions"}],"predecessor-version":[{"id":146,"href":"https:\/\/demo.lemansec.ch\/Beautyhairbyn\/wp-json\/wp\/v2\/pages\/6\/revisions\/146"}],"wp:attachment":[{"href":"https:\/\/demo.lemansec.ch\/Beautyhairbyn\/wp-json\/wp\/v2\/media?parent=6"}],"curies":[{"name":"wp","href":"https:\/\/api.w.org\/{rel}","templated":true}]}}

<div class="wp-block-cover"><span aria-hidden="true" class="has-background-dim-0 wp-block-cover__gradient-background has-background-dim"></span><img loading="lazy" decoding="async" width="2048" height="1118" class="wp-block-cover__image-background wp-image-111" alt="" src="https://demo.lemansec.ch/Beautyhairbyn/wp-content/uploads/2022/03/WhatsApp-Image-2022-02-21-at-08.49.27.jpeg" style="object-position:49% 45%" data-object-fit="cover" data-object-position="49% 45%" srcset="https://demo.lemansec.ch/Beautyhairbyn/wp-content/uploads/2022/03/WhatsApp-Image-2022-02-21-at-08.49.27.jpeg 2048w, https://demo.lemansec.ch/Beautyhairbyn/wp-content/uploads/2022/03/WhatsApp-Image-2022-02-21-at-08.49.27-300x164.jpeg 300w, https://demo.lemansec.ch/Beautyhairbyn/wp-content/uploads/2022/03/WhatsApp-Image-2022-02-21-at-08.49.27-1024x559.jpeg 1024w, https://demo.lemansec.ch/Beautyhairbyn/wp-content/uploads/2022/03/WhatsApp-Image-2022-02-21-at-08.49.27-768x419.jpeg 768w, https://demo.lemansec.ch/Beautyhairbyn/wp-content/uploads/2022/03/WhatsApp-Image-2022-02-21-at-08.49.27-1536x839.jpeg 1536w, https://demo.lemansec.ch/Beautyhairbyn/wp-content/uploads/2022/03/WhatsApp-Image-2022-02-21-at-08.49.27-110x60.jpeg 110w" sizes="auto, (max-width: 2048px) 100vw, 2048px" /><div class="wp-block-cover__inner-container is-layout-flow wp-block-cover-is-layout-flow">
<div class="wp-block-buttons is-layout-flex wp-block-buttons-is-layout-flex"></div>



<p class="wp-block-paragraph"></p>



<p class="has-large-font-size wp-block-paragraph">Bienvenue</p>



<div class="wp-block-buttons is-layout-flex wp-block-buttons-is-layout-flex">
<div class="wp-block-button is-style-outline is-style-outline--1"><a class="wp-block-button__link has-white-color has-black-background-color has-text-color has-background" href="https://booking.wavy.pro/beautyhairbyn" style="border-radius:10px">Rendez-vous</a></div>
</div>
</div></div>



<p class="wp-block-paragraph"></p>



<blockquote class="wp-block-quote is-style-default has-medium-font-size is-layout-flow wp-block-quote-is-layout-flow" style="font-style:normal;font-weight:100"><p>Bienvenue à tous dans mon nouveau salon de coiffure situé au quartier des Cèdres à 1022 Chavannes-près-Renens.</p><p>C&rsquo;est avec plaisir que je vous accueil dans un lieu neuf, confortable et chaleureux pour vous conseiller et vous apporter un service de qualité.</p><p>Noémie N.</p></blockquote>



<div class="wp-block-buttons is-content-justification-center is-layout-flex wp-container-core-buttons-is-layout-fe48e5de wp-block-buttons-is-layout-flex"></div>



<div style="height:25px" aria-hidden="true" class="wp-block-spacer"></div>



<p class="has-large-font-size wp-block-paragraph" style="font-style:normal;font-weight:400"><strong>Mes dernières créations sur instagram</strong></p>


      <style>
        #insta-gallery-feed-1909471437 .insta-gallery-list {margin: 0 -5px;}#insta-gallery-feed-1909471437 .insta-gallery-list .insta-gallery-item {padding: 5px;}#insta-gallery-feed-1909471437 .insta-gallery-list .insta-gallery-item .insta-gallery-image-wrap .insta-gallery-image-mask {background-color: #000000;}      </style>
<div id="insta-gallery-feed-1909471437" class="insta-gallery-feed insta-gallery-square" data-feed="{&quot;id&quot;:1,&quot;order&quot;:1,&quot;username&quot;:&quot;&quot;,&quot;type&quot;:&quot;username&quot;,&quot;tag&quot;:&quot;wordpress&quot;,&quot;order_by&quot;:&quot;top_media&quot;,&quot;layout&quot;:&quot;gallery&quot;,&quot;limit&quot;:12,&quot;columns&quot;:3,&quot;resolution&quot;:&quot;standard&quot;,&quot;lazy&quot;:false,&quot;spacing&quot;:5,&quot;highlight&quot;:[&quot;1&quot;,&quot;3&quot;,&quot;5&quot;],&quot;profile&quot;:{&quot;id&quot;:&quot;&quot;,&quot;username&quot;:&quot;&quot;,&quot;website&quot;:&quot;&quot;,&quot;biography&quot;:&quot;&quot;,&quot;name&quot;:&quot;&quot;,&quot;followers_count&quot;:0,&quot;media_count&quot;:0,&quot;profile_picture_url&quot;:&quot;http:\/\/2.gravatar.com\/avatar\/b642b4217b34b1e8d3bd915fc65c4452?s=320&amp;d=mm&amp;r=g&quot;,&quot;link&quot;:&quot;&quot;},&quot;box&quot;:{&quot;display&quot;:false,&quot;padding&quot;:1,&quot;radius&quot;:0,&quot;background&quot;:&quot;#fefefe&quot;,&quot;profile&quot;:false,&quot;desc&quot;:&quot;&quot;,&quot;color_text&quot;:&quot;#000000&quot;},&quot;mask&quot;:{&quot;display&quot;:true,&quot;background&quot;:&quot;#000000&quot;,&quot;likes&quot;:true,&quot;comments&quot;:true},&quot;card&quot;:{&quot;display&quot;:false,&quot;radius&quot;:1,&quot;font_size&quot;:12,&quot;background&quot;:&quot;#ffffff&quot;,&quot;text_color&quot;:&quot;#000000&quot;,&quot;padding&quot;:5,&quot;info&quot;:true,&quot;length&quot;:10,&quot;caption&quot;:true},&quot;carousel&quot;:{&quot;slidespv&quot;:5,&quot;autoplay&quot;:false,&quot;autoplay_interval&quot;:3000,&quot;navarrows&quot;:true,&quot;navarrows_color&quot;:&quot;&quot;,&quot;pagination&quot;:true,&quot;pagination_color&quot;:&quot;&quot;},&quot;popup&quot;:{&quot;display&quot;:true,&quot;profile&quot;:false,&quot;caption&quot;:false,&quot;likes&quot;:false,&quot;comments&quot;:false,&quot;align&quot;:&quot;bottom&quot;},&quot;button&quot;:{&quot;display&quot;:true,&quot;text&quot;:&quot;View on Instagram&quot;,&quot;background&quot;:&quot;&quot;,&quot;background_hover&quot;:&quot;&quot;},&quot;button_load&quot;:{&quot;display&quot;:false,&quot;text&quot;:&quot;Load more...&quot;,&quot;background&quot;:&quot;&quot;,&quot;background_hover&quot;:&quot;&quot;},&quot;insta_layout&quot;:&quot;gallery&quot;,&quot;insta_box&quot;:false,&quot;insta_box-padding&quot;:1,&quot;insta_box-radius&quot;:0,&quot;insta_box-background&quot;:&quot;#fefefe&quot;,&quot;insta_box-profile&quot;:false,&quot;insta_box-desc&quot;:&quot;&quot;,&quot;insta_box-color-text&quot;:&quot;#000000&quot;,&quot;insta_button_load&quot;:false,&quot;insta_button_load-background-hover&quot;:&quot;&quot;,&quot;insta_button_load-background&quot;:&quot;&quot;,&quot;insta_button_load-text&quot;:&quot;Load more...&quot;,&quot;insta_button&quot;:true,&quot;insta_button-background-hover&quot;:&quot;&quot;,&quot;insta_button-background&quot;:&quot;&quot;,&quot;insta_button-text&quot;:&quot;View on Instagram&quot;,&quot;insta_card&quot;:false,&quot;insta_card-font-size&quot;:12,&quot;insta_card-color-text&quot;:&quot;#000000&quot;,&quot;insta_card-padding&quot;:5,&quot;insta_card-radius&quot;:1,&quot;insta_card-background&quot;:&quot;#ffffff&quot;}" data-feed_layout="gallery">
    <div class="insta-gallery-list">
  </div>
  <div class="insta-gallery-spinner"></div>    <div class="insta-gallery-actions">
    <a href="https://www.instagram.com/" target="blank" class="insta-gallery-button follow"><i class="qligg-icon-instagram-o"></i>View on Instagram</a>
  </div>
 </div>


<p class="wp-block-paragraph">
<script> 
(function(w, a, v, y) { 
  w = a.createElement(y);w.async = 1;w.defer = 1;w.src = v; 
  y = a.getElementsByTagName(y)[0];y.parentNode.insertBefore(w, y); 
})(window, document, 'https://booking.wavy.pro/beautyhairbyn/widget.js', 'script'); 
</script>
</p>

<p>Bienvenue à tous dans mon nouveau salon de coiffure situé au quartier des Cèdres à 1022 Chavannes-près-Renens. C&rsquo;est avec plaisir que je vous accueil dans un lieu neuf, confortable et chaleureux pour vous conseiller et vous apporter un service de qualité. Noémie N. Mes dernières créations sur instagram</p>
